{"id":93,"date":"2025-11-28T12:35:21","date_gmt":"2025-11-28T12:35:21","guid":{"rendered":"https:\/\/www.qalixis.fr\/?page_id=93"},"modified":"2026-02-02T15:49:34","modified_gmt":"2026-02-02T15:49:34","slug":"conception","status":"publish","type":"page","link":"https:\/\/www.qalixis.fr\/index.php\/conception\/","title":{"rendered":"Conception"},"content":{"rendered":"\n<h1 class=\"wp-block-heading\" style=\"padding-top:var(--wp--preset--spacing--70);padding-bottom:var(--wp--preset--spacing--50)\">Introduction<\/h1>\n\n\n\n<p style=\"margin-top:0;margin-right:var(--wp--preset--spacing--50);margin-bottom:0;margin-left:var(--wp--preset--spacing--50);padding-top:0;padding-right:var(--wp--preset--spacing--50);padding-bottom:0;padding-left:var(--wp--preset--spacing--50);line-height:1.5\">Nous observons que les logiciels d\u00e9velopp\u00e9s par les pros pour les pros sont bien souvent complexes, lourds et ne synth\u00e9tisent pas efficacement les donn\u00e9es<\/p>\n\n\n\n<p style=\"margin-top:0;margin-right:var(--wp--preset--spacing--50);margin-bottom:0;margin-left:var(--wp--preset--spacing--50);padding-top:0;padding-right:var(--wp--preset--spacing--50);padding-bottom:0;padding-left:var(--wp--preset--spacing--50);line-height:1.5\">C&rsquo;est la raison pour laquelle, nous proposons le d\u00e9veloppement d&rsquo;outils Excel simples mais performants qui fonctionnent dans un seul but \u25ba L&rsquo;efficacit\u00e9<\/p>\n\n\n\n<p style=\"margin-top:0;margin-right:var(--wp--preset--spacing--50);margin-bottom:0;margin-left:var(--wp--preset--spacing--50);padding-top:0;padding-right:var(--wp--preset--spacing--50);padding-bottom:0;padding-left:var(--wp--preset--spacing--50);line-height:1.5\">Particuli\u00e8rement adapt\u00e9s aux petites structures, nos outils sont con\u00e7us dans plusieurs buts:<\/p>\n\n\n\n<ul class=\"wp-block-list\">\n<li style=\"margin-top:0;margin-right:var(--wp--preset--spacing--80);margin-bottom:0;margin-left:var(--wp--preset--spacing--80);padding-top:0;padding-bottom:0;line-height:1.5\">Simplicit\u00e9 (Aucun bouton superflu, tout le n\u00e9cessaire, ni plus, ni moins)<\/li>\n\n\n\n<li style=\"margin-top:0;margin-right:var(--wp--preset--spacing--80);margin-bottom:0;margin-left:var(--wp--preset--spacing--80);padding-top:0;padding-bottom:0;line-height:1.5\">Rendus synth\u00e9tiques cr\u00e9es selon vos besoins<\/li>\n\n\n\n<li style=\"margin-top:0;margin-right:var(--wp--preset--spacing--80);margin-bottom:0;margin-left:var(--wp--preset--spacing--80);padding-top:0;padding-bottom:0;line-height:1.5\">Rapide \u00e0 installer et formation en quelques heures<\/li>\n\n\n\n<li style=\"margin-top:0;margin-right:var(--wp--preset--spacing--80);margin-bottom:0;margin-left:var(--wp--preset--spacing--80);padding-top:0;padding-bottom:0;line-height:1.5\">Syst\u00e8mes int\u00e9gr\u00e9s de sauvegarde automatique pour conserver les donn\u00e9es en cas de bug<\/li>\n\n\n\n<li style=\"margin-right:var(--wp--preset--spacing--80);margin-left:var(--wp--preset--spacing--80);line-height:1.5\">Des couts mod\u00e9r\u00e9s, une seule fois (pas d&rsquo;abonnement)<\/li>\n<\/ul>\n\n\n\n<hr class=\"wp-block-separator has-alpha-channel-opacity is-style-wide\"\/>\n\n\n\n<h1 class=\"wp-block-heading\" style=\"padding-top:var(--wp--preset--spacing--50);padding-right:0;padding-bottom:var(--wp--preset--spacing--50);padding-left:0\">Nos r\u00e9alisations<\/h1>\n\n\n\n<p style=\"margin-right:0;margin-left:var(--wp--preset--spacing--30)\">D\u00e9velopp\u00e9s dans le domaine de l&rsquo;industrie, nos syst\u00e8mes sont ax\u00e9s sur le m\u00e9tier du contr\u00f4le qualit\u00e9.<\/p>\n\n\n\n<p style=\"margin-right:0;margin-left:0;padding-right:0;padding-left:var(--wp--preset--spacing--50)\"><strong>Logiciel de gestion des moyens de mesure<\/strong><\/p>\n\n\n\n<p style=\"margin-top:0;margin-right:var(--wp--preset--spacing--50);margin-bottom:0;margin-left:var(--wp--preset--spacing--50);padding-top:0;padding-right:0;padding-bottom:0;padding-left:var(--wp--preset--spacing--70);line-height:1.5\">Outil d\u00e9velopp\u00e9 \u00e0 partir du constat que:<\/p>\n\n\n\n<ul class=\"wp-block-list\">\n<li style=\"margin-top:0;margin-right:var(--wp--preset--spacing--80);margin-bottom:0;margin-left:var(--wp--preset--spacing--80);padding-top:0;padding-right:0;padding-bottom:0;padding-left:0\">Beaucoup d&rsquo;outils de GMM ne sont pas toujours intuitifs<\/li>\n\n\n\n<li style=\"margin-right:var(--wp--preset--spacing--80);margin-left:var(--wp--preset--spacing--80);padding-right:0;padding-left:0\">Poss\u00e8dent beaucoup de fonctions non utilis\u00e9es \u25ba trop de boutons<\/li>\n\n\n\n<li style=\"margin-right:var(--wp--preset--spacing--80);margin-left:var(--wp--preset--spacing--80);padding-right:0;padding-left:0\">Ne s&rsquo;int\u00e8grent pas dans une d\u00e9marche LEAN<\/li>\n<\/ul>\n\n\n\n<div data-wp-context=\"{ &quot;autoclose&quot;: false, &quot;accordionItems&quot;: [] }\" data-wp-interactive=\"core\/accordion\" role=\"group\" class=\"wp-block-accordion is-layout-flow wp-block-accordion-is-layout-flow\">\n<div data-wp-class--is-open=\"state.isOpen\" data-wp-context=\"{ &quot;id&quot;: &quot;accordion-item-1&quot;, &quot;openByDefault&quot;: false }\" data-wp-init=\"callbacks.initAccordionItems\" data-wp-on-window--hashchange=\"callbacks.hashChange\" class=\"wp-block-accordion-item is-layout-flow wp-block-accordion-item-is-layout-flow\">\n<h3 class=\"wp-block-accordion-heading\"><button aria-expanded=\"false\" aria-controls=\"accordion-item-1-panel\" data-wp-bind--aria-expanded=\"state.isOpen\" data-wp-on--click=\"actions.toggle\" data-wp-on--keydown=\"actions.handleKeyDown\" id=\"accordion-item-1\" class=\"wp-block-accordion-heading__toggle\"><span class=\"wp-block-accordion-heading__toggle-title\"><\/span><span class=\"wp-block-accordion-heading__toggle-icon\" aria-hidden=\"true\">+<\/span><\/button><\/h3>\n\n\n\n<div inert aria-labelledby=\"accordion-item-1\" data-wp-bind--inert=\"!state.isOpen\" id=\"accordion-item-1-panel\" role=\"region\" class=\"wp-block-accordion-panel is-layout-flow wp-block-accordion-panel-is-layout-flow\">\n<p><\/p>\n<\/div>\n<\/div>\n<\/div>\n\n\n<div class=\"oxi-addons-container   oxi-addons-flipbox-template-style1\">        <div class=\"oxilab-flip-box-wrapper\">\n                                <div class=\"oxilab-flip-box-col-4 oxilab-flip-box-padding-13\"\n                        sa-data-animation=\"\"\n                        sa-data-animation-offset=\"100%\"\r\n                        sa-data-animation-delay=\"0ms\"\r\n                        sa-data-animation-duration=\" 4000ms\"\n                        >\r\n                        <div class=\"  oxilab-flip-box-body-13 oxilab-flip-box-body-13-46\">\n                                                        <div class=\"oxilab-flip-box-body-absulote\">\n                                <div class=\"oxilab-flip-box-flip oxilab-flip-box-flip-left-to-right\">\n                                    <div class=\"oxilab-flip-box-style-data easing_easeOutBack\">\n                                        <div class=\"oxilab-flip-box-style\">\n                                            <div class=\"oxilab-flip-box-front\">\n                                                <div class=\"oxilab-flip-box-13\">\n                                                    <div class=\"oxilab-flip-box-13-data\">\n                                                        <div class=\"oxilab-flip-box-13-image\">\n                                                            <img decoding=\"async\" src=\"https:\/\/www.qalixis.fr\/wp-content\/uploads\/2026\/02\/Capture-GMM.jpg\" \n                                                            alt=\"\"                                                            >\n\n                                                            <div class=\"oxilab-flip-box-13-image-icon\">\n                                                                        <i class=\"fas fa-tv oxi-icons\"><\/i>\n                                                                    <\/div>\n                                                        <\/div>\n                                                        <div class=\"oxilab-flip-box-13-heading\">\n                                                            <div class=\"oxilab-flip-box-13-heading-data\">\n                                                                Logiciel de gestion des appareils de mesure                                                            <\/div>\n                                                        <\/div>\n                                                    <\/div>\n                                                <\/div>\n                                            <\/div>\n                                            <div class=\"oxilab-flip-box-back\">\n                                                <div class=\"oxilab-flip-box-back-13\">\n                                                    <div class=\"oxilab-flip-box-back-13-data\">\n                                                        <div class=\"oxilab-flip-box-back-13-file\">\n                                                            <div class=\"oxilab-info\">\n                                                                Outil de gestion des appareils de mesure: +3000 appareils g\u00e9r\u00e9s \/ Param\u00e9trage des crit\u00e8res d&apos;\u00e9talonnage \/ Indicateurs de suivi \/ Simplicit\u00e9 d&apos;usage (z\u00e9ro superflu) \/ Gain de temps au quotidien                                                            <\/div>\n                                                                                                                            <div class=\"oxilab-button\">\n                                                                    <a href=\"https:\/\/www.qalixis.fr\/wp-content\/uploads\/2026\/02\/EN-HPE-001-Ind.A-COCKPIT-GESTION-DES-MOYENS-DE-MESURE.pdf\" target=\"\">\n                                                                        <span class=\"oxilab-button-data\">\n                                                                            Aper\u00e7u ici                                                                        <\/span>\n                                                                    <\/a>\n                                                                <\/div>\n                                                                                                                        <\/div>\n                                                    <\/div>\n                                                <\/div>\n                                            <\/div>\n                                        <\/div>\n                                    <\/div>\n                                <\/div>\n                            <\/div>\n                                                    <\/div>\n\n                                            <\/div>\n                    \n        <\/div>\n            <\/div>\n\n\n\n<hr class=\"wp-block-separator has-alpha-channel-opacity is-style-dots\"\/>\n\n\n\n<p><\/p>\n","protected":false},"excerpt":{"rendered":"<p>Introduction Nous observons que les logiciels d\u00e9velopp\u00e9s par les pros pour les pros sont bien souvent complexes, lourds et ne [&hellip;]<\/p>\n","protected":false},"author":1,"featured_media":0,"parent":0,"menu_order":0,"comment_status":"closed","ping_status":"closed","template":"","meta":{"site-sidebar-layout":"default","site-content-layout":"","ast-site-content-layout":"default","site-content-style":"default","site-sidebar-style":"default","ast-global-header-display":"","ast-banner-title-visibility":"","ast-main-header-display":"","ast-hfb-above-header-display":"","ast-hfb-below-header-display":"","ast-hfb-mobile-header-display":"","site-post-title":"disabled","ast-breadcrumbs-content":"","ast-featured-img":"","footer-sml-layout":"","ast-disable-related-posts":"","theme-transparent-header-meta":"","adv-header-id-meta":"","stick-header-meta":"","header-above-stick-meta":"","header-main-stick-meta":"","header-below-stick-meta":"","astra-migrate-meta-layouts":"default","ast-page-background-enabled":"default","ast-page-background-meta":{"desktop":{"background-color":"var(--ast-global-color-5)","background-image":"","background-repeat":"repeat","background-position":"center center","background-size":"auto","background-attachment":"scroll","background-type":"","background-media":"","overlay-type":"","overlay-color":"","overlay-opacity":"","overlay-gradient":""},"tablet":{"background-color":"","background-image":"","background-repeat":"repeat","background-position":"center center","background-size":"auto","background-attachment":"scroll","background-type":"","background-media":"","overlay-type":"","overlay-color":"","overlay-opacity":"","overlay-gradient":""},"mobile":{"background-color":"","background-image":"","background-repeat":"repeat","background-position":"center center","background-size":"auto","background-attachment":"scroll","background-type":"","background-media":"","overlay-type":"","overlay-color":"","overlay-opacity":"","overlay-gradient":""}},"ast-content-background-meta":{"desktop":{"background-color":"var(--ast-global-color-4)","background-image":"","background-repeat":"repeat","background-position":"center center","background-size":"auto","background-attachment":"scroll","background-type":"","background-media":"","overlay-type":"","overlay-color":"","overlay-opacity":"","overlay-gradient":""},"tablet":{"background-color":"var(--ast-global-color-4)","background-image":"","background-repeat":"repeat","background-position":"center center","background-size":"auto","background-attachment":"scroll","background-type":"","background-media":"","overlay-type":"","overlay-color":"","overlay-opacity":"","overlay-gradient":""},"mobile":{"background-color":"var(--ast-global-color-4)","background-image":"","background-repeat":"repeat","background-position":"center center","background-size":"auto","background-attachment":"scroll","background-type":"","background-media":"","overlay-type":"","overlay-color":"","overlay-opacity":"","overlay-gradient":""}},"footnotes":""},"class_list":["post-93","page","type-page","status-publish","hentry"],"yoast_head":"<!-- This site is optimized with the Yoast SEO plugin v27.3 - https:\/\/yoast.com\/product\/yoast-seo-wordpress\/ -->\n<title>Conception - Qalixis<\/title>\n<meta name=\"robots\" content=\"index, follow, max-snippet:-1, max-image-preview:large, max-video-preview:-1\" \/>\n<link rel=\"canonical\" href=\"https:\/\/www.qalixis.fr\/index.php\/conception\/\" \/>\n<meta property=\"og:locale\" content=\"fr_FR\" \/>\n<meta property=\"og:type\" content=\"article\" \/>\n<meta property=\"og:title\" content=\"Conception - Qalixis\" \/>\n<meta property=\"og:description\" content=\"Introduction Nous observons que les logiciels d\u00e9velopp\u00e9s par les pros pour les pros sont bien souvent complexes, lourds et ne [&hellip;]\" \/>\n<meta property=\"og:url\" content=\"https:\/\/www.qalixis.fr\/index.php\/conception\/\" \/>\n<meta property=\"og:site_name\" content=\"Qalixis\" \/>\n<meta property=\"article:modified_time\" content=\"2026-02-02T15:49:34+00:00\" \/>\n<meta name=\"twitter:card\" content=\"summary_large_image\" \/>\n<meta name=\"twitter:label1\" content=\"Dur\u00e9e de lecture estim\u00e9e\" \/>\n\t<meta name=\"twitter:data1\" content=\"1 minute\" \/>\n<script type=\"application\/ld+json\" class=\"yoast-schema-graph\">{\"@context\":\"https:\\\/\\\/schema.org\",\"@graph\":[{\"@type\":\"WebPage\",\"@id\":\"https:\\\/\\\/www.qalixis.fr\\\/index.php\\\/conception\\\/\",\"url\":\"https:\\\/\\\/www.qalixis.fr\\\/index.php\\\/conception\\\/\",\"name\":\"Conception - Qalixis\",\"isPartOf\":{\"@id\":\"https:\\\/\\\/www.qalixis.fr\\\/#website\"},\"datePublished\":\"2025-11-28T12:35:21+00:00\",\"dateModified\":\"2026-02-02T15:49:34+00:00\",\"breadcrumb\":{\"@id\":\"https:\\\/\\\/www.qalixis.fr\\\/index.php\\\/conception\\\/#breadcrumb\"},\"inLanguage\":\"fr-FR\",\"potentialAction\":[{\"@type\":\"ReadAction\",\"target\":[\"https:\\\/\\\/www.qalixis.fr\\\/index.php\\\/conception\\\/\"]}]},{\"@type\":\"BreadcrumbList\",\"@id\":\"https:\\\/\\\/www.qalixis.fr\\\/index.php\\\/conception\\\/#breadcrumb\",\"itemListElement\":[{\"@type\":\"ListItem\",\"position\":1,\"name\":\"Accueil\",\"item\":\"https:\\\/\\\/www.qalixis.fr\\\/\"},{\"@type\":\"ListItem\",\"position\":2,\"name\":\"Conception\"}]},{\"@type\":\"WebSite\",\"@id\":\"https:\\\/\\\/www.qalixis.fr\\\/#website\",\"url\":\"https:\\\/\\\/www.qalixis.fr\\\/\",\"name\":\"Qalixis Formation\",\"description\":\"Soyez acteurs de votre apprentissage !\",\"publisher\":{\"@id\":\"https:\\\/\\\/www.qalixis.fr\\\/#organization\"},\"potentialAction\":[{\"@type\":\"SearchAction\",\"target\":{\"@type\":\"EntryPoint\",\"urlTemplate\":\"https:\\\/\\\/www.qalixis.fr\\\/?s={search_term_string}\"},\"query-input\":{\"@type\":\"PropertyValueSpecification\",\"valueRequired\":true,\"valueName\":\"search_term_string\"}}],\"inLanguage\":\"fr-FR\"},{\"@type\":\"Organization\",\"@id\":\"https:\\\/\\\/www.qalixis.fr\\\/#organization\",\"name\":\"Qalixis Formation\",\"url\":\"https:\\\/\\\/www.qalixis.fr\\\/\",\"logo\":{\"@type\":\"ImageObject\",\"inLanguage\":\"fr-FR\",\"@id\":\"https:\\\/\\\/www.qalixis.fr\\\/#\\\/schema\\\/logo\\\/image\\\/\",\"url\":\"https:\\\/\\\/www.qalixis.fr\\\/wp-content\\\/uploads\\\/2025\\\/11\\\/cropped-ChatGPT-Image-27-nov.-2025-21_29_45-5.png\",\"contentUrl\":\"https:\\\/\\\/www.qalixis.fr\\\/wp-content\\\/uploads\\\/2025\\\/11\\\/cropped-ChatGPT-Image-27-nov.-2025-21_29_45-5.png\",\"width\":858,\"height\":826,\"caption\":\"Qalixis Formation\"},\"image\":{\"@id\":\"https:\\\/\\\/www.qalixis.fr\\\/#\\\/schema\\\/logo\\\/image\\\/\"}}]}<\/script>\n<!-- \/ Yoast SEO plugin. -->","yoast_head_json":{"title":"Conception - Qalixis","robots":{"index":"index","follow":"follow","max-snippet":"max-snippet:-1","max-image-preview":"max-image-preview:large","max-video-preview":"max-video-preview:-1"},"canonical":"https:\/\/www.qalixis.fr\/index.php\/conception\/","og_locale":"fr_FR","og_type":"article","og_title":"Conception - Qalixis","og_description":"Introduction Nous observons que les logiciels d\u00e9velopp\u00e9s par les pros pour les pros sont bien souvent complexes, lourds et ne [&hellip;]","og_url":"https:\/\/www.qalixis.fr\/index.php\/conception\/","og_site_name":"Qalixis","article_modified_time":"2026-02-02T15:49:34+00:00","twitter_card":"summary_large_image","twitter_misc":{"Dur\u00e9e de lecture estim\u00e9e":"1 minute"},"schema":{"@context":"https:\/\/schema.org","@graph":[{"@type":"WebPage","@id":"https:\/\/www.qalixis.fr\/index.php\/conception\/","url":"https:\/\/www.qalixis.fr\/index.php\/conception\/","name":"Conception - Qalixis","isPartOf":{"@id":"https:\/\/www.qalixis.fr\/#website"},"datePublished":"2025-11-28T12:35:21+00:00","dateModified":"2026-02-02T15:49:34+00:00","breadcrumb":{"@id":"https:\/\/www.qalixis.fr\/index.php\/conception\/#breadcrumb"},"inLanguage":"fr-FR","potentialAction":[{"@type":"ReadAction","target":["https:\/\/www.qalixis.fr\/index.php\/conception\/"]}]},{"@type":"BreadcrumbList","@id":"https:\/\/www.qalixis.fr\/index.php\/conception\/#breadcrumb","itemListElement":[{"@type":"ListItem","position":1,"name":"Accueil","item":"https:\/\/www.qalixis.fr\/"},{"@type":"ListItem","position":2,"name":"Conception"}]},{"@type":"WebSite","@id":"https:\/\/www.qalixis.fr\/#website","url":"https:\/\/www.qalixis.fr\/","name":"Qalixis Formation","description":"Soyez acteurs de votre apprentissage !","publisher":{"@id":"https:\/\/www.qalixis.fr\/#organization"},"potentialAction":[{"@type":"SearchAction","target":{"@type":"EntryPoint","urlTemplate":"https:\/\/www.qalixis.fr\/?s={search_term_string}"},"query-input":{"@type":"PropertyValueSpecification","valueRequired":true,"valueName":"search_term_string"}}],"inLanguage":"fr-FR"},{"@type":"Organization","@id":"https:\/\/www.qalixis.fr\/#organization","name":"Qalixis Formation","url":"https:\/\/www.qalixis.fr\/","logo":{"@type":"ImageObject","inLanguage":"fr-FR","@id":"https:\/\/www.qalixis.fr\/#\/schema\/logo\/image\/","url":"https:\/\/www.qalixis.fr\/wp-content\/uploads\/2025\/11\/cropped-ChatGPT-Image-27-nov.-2025-21_29_45-5.png","contentUrl":"https:\/\/www.qalixis.fr\/wp-content\/uploads\/2025\/11\/cropped-ChatGPT-Image-27-nov.-2025-21_29_45-5.png","width":858,"height":826,"caption":"Qalixis Formation"},"image":{"@id":"https:\/\/www.qalixis.fr\/#\/schema\/logo\/image\/"}}]}},"_links":{"self":[{"href":"https:\/\/www.qalixis.fr\/index.php\/wp-json\/wp\/v2\/pages\/93","targetHints":{"allow":["GET"]}}],"collection":[{"href":"https:\/\/www.qalixis.fr\/index.php\/wp-json\/wp\/v2\/pages"}],"about":[{"href":"https:\/\/www.qalixis.fr\/index.php\/wp-json\/wp\/v2\/types\/page"}],"author":[{"embeddable":true,"href":"https:\/\/www.qalixis.fr\/index.php\/wp-json\/wp\/v2\/users\/1"}],"replies":[{"embeddable":true,"href":"https:\/\/www.qalixis.fr\/index.php\/wp-json\/wp\/v2\/comments?post=93"}],"version-history":[{"count":34,"href":"https:\/\/www.qalixis.fr\/index.php\/wp-json\/wp\/v2\/pages\/93\/revisions"}],"predecessor-version":[{"id":1274,"href":"https:\/\/www.qalixis.fr\/index.php\/wp-json\/wp\/v2\/pages\/93\/revisions\/1274"}],"wp:attachment":[{"href":"https:\/\/www.qalixis.fr\/index.php\/wp-json\/wp\/v2\/media?parent=93"}],"curies":[{"name":"wp","href":"https:\/\/api.w.org\/{rel}","templated":true}]}}